+ 208 = 7*x. What is the remainder when x is divided by h?
16
Suppose 4*i + 21*v - 18*v - 4859 = 0, -3*v = i - 1208. What is the remainder when i is divided by 23?
21
Let f be 1/2*-5*(16 - 10). What is the remainder when 95 is divided by (72/f)/(3 + 31/(-10))?
47
Suppose 21*c + 561 = 5769. What is the remainder when c is divided by 85?
78
Suppose -477 + 67 = -5*n. Suppose -5*v = 5*b - n - 53, -b + 17 = -v. Calculate the remainder when 196 is divided by b.
20
Calculate the remainder when 1/(((-20)/(-40))/((-543)/(-6))) is divided by 23.
20
Let j(p) = -2 + 2 + 1 + 25*p. Let k = -16189 + 16290. What is the remainder when k is divided by j(1)?
23
Let x = -2 - -7. Let l(s) = 48*s**2 + 3*s. What is the remainder when l(1) is divided by 335/25 + (-2)/x?
12
Let x = 657 - 244. What is the remainder when x is divided by 32?
29
Let o = -89 - -98. Calculate the remainder when 133 is divided by o.
7
Let c = -112 - -129. Calculate the remainder when c is divided by 4.
1
Calculate the remainder when 441 is divided by ((-185)/(-15))/(1/3 + 0).
34
Let c(f) = 152*f + 481. Calculate the remainder when 248 is divided by c(-3).
23
Suppose -44 = 9*l + 10. Let o(r) = r**2 + 6*r + 5. Calculate the remainder when 9 is divided by o(l).
4
Let t = -1296 + 1308. Calculate the remainder when 21 is divided by t.
9
Let x = -497 - -934. Calculate the remainder when x is divided by 88.
85
Let i = 356 - 280. Calculate the remainder when i is divided by 27.
22
Suppose 0 = 4*d + d - 440. Let n(h) = -3*h**2 + 52*h - 82. Calculate the remainder when d is divided by n(15).
19
Let r(i) = -3*i - 9. Let k be r(-7). Suppose 3*j - 57 = -k. Let n(p) = 54*p**2 + 3. Calculate the remainder when n(1) is divided by j.
12
Let w = -50 + 65. Suppose -w = -m - 1. What is the remainder when m is divided by 4?
2
Let v(s) = 9*s**2 - s. Let h be v(-1). Let j(b) = b**2 - 8*b - 6. Let u be j(h). Suppose o - u = 13. Calculate the remainder when o is divided by 7.
6
Let n(y) = 5 + 7*y**2 + 2 - y**3 - 7*y + 1. Let d(a) = a**2 + 18*a + 6. Let i be d(-18). Calculate the remainder when 6 is divided by n(i).
0
Suppose 79 - 15 = 4*d. Suppose -5*p = -5*g - 300, -69 = 4*p + 3*g - 323. Calculate the remainder when p is divided by d.
14
What is the remainder when ((-110)/8)/(2/(-16)) is divided by ((-12)/36)/(-1 + (-220)/(-222))?
36
Let k = 17 + 5. Let l be k/12 + 1/6. Suppose 0*f = l*f - 6, -4*f + 77 = 5*s. What is the remainder when s is divided by 7?
6
Suppose -18*k + 1754 + 298 = 0. Calculate the remainder when k is divided by 31.
21
Suppose -3*m - 2*w = 75, -5*w - 125 = 4*m - 25. Let v = 48 + m. Calculate the remainder when v is divided by 6.
5
Suppose 2*u + 570 = -0*u. Calculate the remainder when 44/(-12)*-6 - 1 is divided by u/(-25) + 2/(-5).
10
Let x be 9/3 + (-10)/(-15)*-12. Let v(s) = -s**2 - 8*s - 12. Calculate the remainder when 8 is divided by v(x).
2
Let c = 20 - 4. Suppose -k + 5*u = -21, -2*u = 5*k - c - 143. What is the remainder when 61 is divided by k?
30
Let k = -2329 + 2334. Calculate the remainder when 223 is divided by k.
3
Suppose 5*m + 19 = 44. Suppose -4*i - m*j = -0*j - 63, 2*i = -j + 39. Suppose 7*n - 6 = 6*n. What is the remainder when i is divided by n?
4
Let s = 1002 - 860. What is the remainder when 1133 is divided by s?
139
Let v be 0*((-9)/2 - -4). Suppose -3*l - l = v. Suppose l = -0*j + 4*j - 216. Calculate the remainder when j is divided by 15.
9
Suppose 0 = -14*n + 13*n + 9. Let v(o) be the first derivative of o**3/3 + o**2/2 - 5*o + 2. Calculate the remainder when v(n) is divided by 22.
19
Let j(g) = 28*g + 19. Let p be j(5). What is the remainder when 2 + p/7 - (-2)/7 is divided by 7?
4
Let f be (((-15)/(-6))/5)/(2/(-36)). Let n(b) = 6 - 13*b - b**2 - 3 + 2. Calculate the remainder when n(f) is divided by 22.
19
Let a = 71 + -9. Let o(b) = b**3 - 2*b**2 + 2*b + 1. Let p be o(0). Let d = a + p. What is the remainder when d is divided by 16?
15
Let z be (1/(-3))/((-5)/30). Suppose z - 20 = -2*w. Suppose 2*i - w - 27 = 0. Calculate the remainder when 53 is divided by i.
17
Let o(h) = -5*h + 7. Let v = -30 - -27. What is the remainder when 61 is divided by o(v)?
17
What is the remainder when 30 is divided by (7 + -8)*-4 + 16?
10
Let n(m) = 11*m + 261. What is the remainder when n(-14) is divided by 52?
3
Calculate the remainder when 191 is divided by (-128)/(-6)*(-1155)/(-308).
31
Let l = -3 + 11. Let q = 948 - 345. Suppose 17*p - q = -76. Calculate the remainder when p is divided by l.
7
Suppose -78 - 75 = -z + o, 2*z - 312 = -4*o. Calculate the remainder when z is divided by 49.
7
What is the remainder when 6 - (-6 + 5/((-20)/204)) is divided by 12?
3
Let v(o) = -2*o + 10*o + 0*o + 1. Let s = 46 - 28. Calculate the remainder when v(4) is divided by s.
15
What is the remainder when 246 is divided by (2*-1)/(40/(-620))?
29
Suppose 0 = 3*x - 24 - 72. What is the remainder when x is divided by (-3)/(15/2) - 2784/(-160)?
15
Suppose 0 = 10*z - 0 - 30. Let j(a) = 7*a**2 + 2*a + 12. Calculate the remainder when j(z) is divided by 12.
9
Calculate the remainder when 523 is divided by 77*(-19)/((-1330)/20).
17
Let j = -49 + 48. Calculate the remainder when (-430)/20*(-1 + j) is divided by 16.
11
What is the remainder when (42 - -54) + -3 + 0 is divided by 24?
21
Let a = -207 + 297. What is the remainder when a is divided by 39?
12
Let t = 0 - -3. Suppose -t*i - 126 = -6*i. Calculate the remainder when i is divided by 30*(3 - (-10)/(-4)).
12
Let r(t) = t**3 - 4*t**2 + 3*t - 5. Let s be r(3). Calculate the remainder when (1/4)/(s/(-380)) is divided by (-2*5)/((-6)/3).
4
Suppose 0 = -3*u + 5*a + 221, a + 313 = 4*u - 2*a. What is the remainder when u is divided by ((-51)/(-15))/(3/15)?
14
Let p = -4 - -6. Calculate the remainder when 6 - (-5 - -3)/p is divided by (-2)/5 - 36/(-15).
1
Suppose -4*l = -5*l + 9. Let v be (-1100)/5 + (-2 - 1). Calculate the remainder when 38/(-247) - v/13 is divided by l.
8
Let r(q) = -q**3 + 10*q**2 + 16*q - 19. Let f be r(11). Let p = f + -26. Suppose 0 = -5*a - 8 + 143. What is the remainder when a is divided by p?
7
Let f(g) = -g**2 - g + 3. Let b be f(0). Suppose -4*z - b*d = -2*z, 30 = 3*z - 3*d. Calculate the remainder when 20 is divided by z.
2
Suppose 2*k = 3*k - 34. Let m be k*1 - (6 - 5). Suppose m*c = 28*c + 60. Calculate the remainder when 58 is divided by c.
10
Suppose -5*o + 8 = -7. Suppose -o*u = u - 8. Calculate the remainder when (-4)/(-14) - (-48)/28 is divided by u.
0
Let k(c) = c**2 + 5*c + 10. Let y be k(-3). Suppose 0 = 3*l - j - 4*j - 20, j = -l - y. Let b = l + 11. Calculate the remainder when b is divided by 4.
3
Let d be (-267)/(-6) + (5/(-10) - 0). Suppose -3*o + 11 = x - 6*o, -4*x = o - d. What is the remainder when 21 - 0/(-2 + 0) is divided by x?
10
Let w(r) = -5*r - 3. Let b = 12 - 7. Suppose -b - 35 = -4*u. What is the remainder when w(-6) is divided by u?
7
Suppose 2*x = 10*x - 240. What is the remainder when 12/x - (-146)/10 is divided by 6?
3
Let h = 394 - 265. Calculate the remainder when h is divided by 6.
3
Let q = 171 + -167. Calculate the remainder when 77 is divided by q.
1
Let m(j) = j**3 + 18*j**2 - 19*j + 4. Let r be m(-19). Suppose -r - 1 = -b - 2*d, -47 = -5*b + d. Calculate the remainder when b is divided by 2.
1
Suppose -7*g - 5790 = -22*g. What is the remainder when g is divided by 43?
42
Suppose -189 = -u + 5*y + 34, 873 = 4*u - y. Suppose p = -4*x + 305, -2*x + u = 2*p + 64. What is the remainder when x is divided by 13?
11
Let x(l) = l**2 - 3*l - 2. Let o be x(-1). Suppose 35 = o*b - 9. Calculate the remainder when 63 is divided by b.
19
Let y(i) = -9*i - 16. Calculate the remainder when 59 is divided by y(-4).
19
Suppose 3*p + 6*m - m - 198 = 0, -3*p + 225 = -4*m. Calculate the remainder when p is divided by 12.
11
Let d(n) = -n**2 + 28*n + 65. Calculate the remainder when 15 is divided by d(30).
0
Let d(l) = -l - 2. Let q be d(-11). Suppose q = 4*h - 3. Suppose -3*c = -8*c + 15. Calculate the remainder when c is divided by h.
0
Let v(a) = 36*a**3 + 9*a**2 + 10*a - 49. What is the remainder when v(3) is divided by 148?
146
Let p(c) = -3*c**3 + 3*c**2 + 9*c + 1. What is the remainder when p(-2) is divided by 13?
6
Let g(j) = -j**2 + 8*j - 11. What is the remainder when 94 is divided by g(5)?
2
Suppose -3*